ctor of 4323 and 33.
33
Calculate the greatest common divisor of 82 and 533.
41
What is the highest common factor of 50 and 275?
25
What is the greatest common divisor of 1274 and 2912?
182
Calculate the greatest common factor of 12 and 40.
4
What is the highest common divisor of 2260 and 20?
20
Calculate the greatest common factor of 92 and 194212.
92
Calculate the highest common divisor of 175 and 3425.
25
What is the highest common factor of 306 and 272?
34
Calculate the highest common factor of 273 and 182.
91
Calculate the greatest common divisor of 190 and 180.
10
What is the greatest common factor of 10 and 635?
5
Calculate the greatest common factor of 928 and 80.
16
What is the greatest common divisor of 1274 and 286?
26
Calculate the highest common divisor of 1617 and 924.
231
What is the greatest common factor of 29 and 41441?
29
Calculate the greatest common factor of 22 and 352.
22
What is the greatest common divisor of 176 and 55?
11
What is the greatest common factor of 32 and 76?
4
Calculate the highest common factor of 26 and 5174.
26
What is the highest common factor of 30850 and 50?
50
What is the greatest common divisor of 9 and 4251?
3
Calculate the greatest common factor of 365 and 20.
5
What is the highest common divisor of 52 and 221?
13
What is the greatest common factor of 475 and 50?
25
What is the greatest common factor of 58 and 87?
29
Calculate the greatest common factor of 174 and 4582.
58
Calculate the greatest common factor of 323 and 2071.
19
Calculate the highest common divisor of 39 and 12.
3
What is the highest common divisor of 8 and 8?
8
Calculate the highest common factor of 1952 and 3294.
122
What is the greatest common divisor of 96 and 192?
96
What is the highest common divisor of 44 and 88?
44
What is the greatest common divisor of 21 and 861?
21
What is the highest common factor of 34374 and 102?
102
Calculate the greatest common factor of 72 and 1530.
18
What is the greatest common divisor of 94 and 1880?
94
What is the highest common divisor of 76 and 100?
4
Calculate the highest common factor of 45 and 505.
5
What is the greatest common factor of 403 and 31?
31
What is the greatest common divisor of 26 and 13546?
26
What is the highest common divisor of 303 and 3?
3
What is the greatest common divisor of 20 and 35?
5
Calculate the highest common factor of 782 and 204.
34
Calculate the greatest common factor of 21 and 112.
7
What is the greatest common factor of 1856 and 1624?
232
Calculate the greatest common divisor of 835 and 15.
5
What is the greatest common divisor of 192 and 320?
64
What is the highest common divisor of 156 and 1118?
26
What is the greatest common factor of 42 and 354?
6
Calculate the highest common factor of 30 and 160.
10
What is the highest common divisor of 80 and 880?
80
Calculate the highest common divisor of 4 and 108.
4
What is the greatest common factor of 1545 and 4017?
309
Calculate the greatest common divisor of 56 and 350.
14
Calculate the greatest common factor of 52 and 26468.
52
Calculate the greatest common factor of 708 and 156.
12
What is the highest common divisor of 34650 and 66?
66
Calculate the highest common divisor of 143 and 1690.
13
What is the highest common divisor of 39 and 1079?
13
Calculate the highest common divisor of 9135 and 252.
63
What is the highest common divisor of 1108 and 4?
4
What is the greatest common factor of 14 and 298?
2
Calculate the highest common divisor of 33 and 165.
33
Calculate the greatest common factor of 60 and 708.
12
What is the highest common divisor of 84 and 98?
14
What is the highest common factor of 1425 and 675?
75
What is the highest common divisor of 279 and 9?
9
Calculate the greatest common divisor of 180 and 1680.
60
Calculate the greatest common divisor of 1224 and 663.
51
Calculate the highest common divisor of 192 and 320.
64
What is the greatest common divisor of 135 and 54?
27
What is the greatest common divisor of 286 and 176?
22
What is the highest common factor of 18 and 171?
9
Calculate the highest common divisor of 8 and 232.
8
What is the highest common factor of 6356 and 308?
28
What is the highest common factor of 255 and 153?
51
What is the greatest common divisor of 17 and 27149?
17
Calculate the greatest common factor of 1099 and 785.
157
What is the highest common divisor of 140 and 315?
35
What is the highest common divisor of 13 and 2119?
13
Calculate the greatest common factor of 6108 and 84.
12
Calculate the greatest common factor of 13410 and 90.
90
What is the highest common factor of 1408 and 128?
128
Calculate the greatest common factor of 1574 and 2.
2
Calculate the greatest common factor of 296 and 33448.
296
Calculate the greatest common divisor of 528 and 33.
33
Calculate the highest common divisor of 73 and 8.
1
What is the highest common factor of 527 and 31?
31
What is the greatest common factor of 219 and 3?
3
What is the greatest common factor of 39 and 3?
3
What is the highest common divisor of 117 and 416?
13
Calculate the greatest common divisor of 1092 and 26.
26
Calculate the greatest common divisor of 14 and 280.
14
Calculate the greatest common factor of 42 and 1323.
21
What is the greatest common divisor of 380 and 114?
38
Calculate the greatest common factor of 1848 and 1400.
56
Calculate the greatest common factor of 2236 and 52.
52
Calculate the highest common divisor of 375 and 5.
5
Calculate the greatest common divisor of 2128 and 70.
14
What is the highest common factor of 278 and 29746?
278
What is the greatest common divisor of 1508 and 174?
58
What is the highest common divisor of 1302 and 126?
42
What is the highest common divisor of 3 and 809?
1
Calculate the highest common factor of 249 and 3.
3
Calculate the highest common divisor of 513 and 2679.
57
Calculate the greatest common divisor of 16 and 464.
16
Calculate the greatest common divisor of 8998 and 154.
22
Calculate the highest common factor of 5 and 640.
5
What is the greatest common divisor of 240 and 384?
48
Calculate the highest common factor of 1708 and 28.
28
Calculate the greatest common divisor of 391 and 207.
23
What is the highest common factor of 121 and 33?
11
What is the greatest common divisor of 1053 and 975?
39
Calculate the highest common factor of 1 and 61.
1
What is the greatest common factor of 87 and 24969?
87
Calculate the highest common divisor of 20 and 820.
20
Calculate the greatest common divisor of 30 and 645.
15
What is the greatest common divisor of 1 and 64?
1
Calculate the greatest common divisor of 4065 and 120.
15
Calculate the highest common divisor of 1351 and 175.
7
What is the highest common divisor of 118 and 22538?
118
What is the highest common divisor of 621 and 81?
27
Calculate the highest common divisor of 21 and 1876.
7
Calculate the greatest common factor of 1691 and 19.
19
What is the highest common divisor of 448 and 14?
14
What is the highest common divisor of 5160 and 600?
120
What is the highest common factor of 6 and 3?
3
What is the greatest common factor of 63 and 63?
63
What is the greatest common divisor of 30 and 200?
10
Calculate the greatest common divisor of 137 and 3699.
137
What is the highest common factor of 242 and 8833?
121
What is the highest common factor of 6748 and 28?
28
What is the greatest common factor of 96 and 9480?
24
Calculate the greatest common divisor of 1501 and 79.
79
Calculate the greatest common divisor of 1349 and 71.
71
Calculate the greatest common divisor of 1469 and 1560.
13
Calculate the greatest common divisor of 5 and 8.
1
Calculate the highest common divisor of 50 and 2370.
10
What is the greatest common factor of 570 and 30?
30
Calculate the greatest common factor of 224 and 308.
28
Calculate the greatest common divisor of 36 and 369.
9
What is the greatest common factor of 10 and 9410?
10
What is the highest common divisor of 1 and 250?
1
Calculate the highest common divisor of 33 and 253.
11
Calculate the greatest common factor of 133 and 7.
7
Calculate the highest common factor of 25 and 5050.
25
Calculate the greatest common divisor of 532 and 6.
2
What is the greatest common divisor of 352 and 11?
11
What is the highest common factor of 42 and 266?
14
What is the highest common divisor of 11